{"id":29171,"date":"2024-07-04T18:37:47","date_gmt":"2024-07-04T16:37:47","guid":{"rendered":"https:\/\/canariasmuebles.com\/?post_type=product&#038;p=29171"},"modified":"2024-07-04T18:37:47","modified_gmt":"2024-07-04T16:37:47","slug":"sevilla-3p-chaiselongue","status":"publish","type":"product","link":"https:\/\/canariasmuebles.com\/index.php\/product\/sevilla-3p-chaiselongue\/","title":{"rendered":"SEVILLA 3P + CHAISELONGUE"},"content":{"rendered":"<p>El sof\u00e1 chaiselongue modelo SEVILLA es la opci\u00f3n ideal para quienes buscan una combinaci\u00f3n de calidad, confort y funcionalidad en su mobiliario. Su armaz\u00f3n de madera de pino macizo y los asientos de goma espuma D.25 kg garantizan una estructura robusta y c\u00f3moda. Los respaldos rellenos de picado y reclinables, junto con el enfibrado de 150 gr, proporcionan un apoyo \u00f3ptimo y ajustable para una experiencia de relajaci\u00f3n personalizada. Los asientos extra\u00edbles con muelles en zig-zag aseguran durabilidad y comodidad adicional. Adem\u00e1s, las patas de madera aportan un toque de elegancia y estabilidad, mientras que el arc\u00f3n incluido en el m\u00f3dulo del chaiselongue ofrece una soluci\u00f3n pr\u00e1ctica para el almacenamiento. El modelo SEVILLA no solo mejora la est\u00e9tica de su hogar, sino que tambi\u00e9n proporciona una soluci\u00f3n c\u00f3moda y funcional para el descanso diario.<\/p>\n<p>&nbsp;<\/p>\n<h3>Caracter\u00edsticas del Sof\u00e1 Chaiselongue Modelo SEVILLA<\/h3>\n<ul>\n<li><strong>Armaz\u00f3n de madera de pino macizo.<\/strong><\/li>\n<li><strong>Goma espuma D.25 kg.<\/strong><\/li>\n<li><strong>Respaldos rellenos de picado y reclinables.<\/strong><\/li>\n<li><strong>Enfibrado de 150 gr.<\/strong><\/li>\n<li><strong>Asientos extra\u00edbles de muelles en zig-zag.<\/strong><\/li>\n<li><strong>Patas de madera.<\/strong><\/li>\n<li><strong>Arc\u00f3n incluido en el m\u00f3dulo del chaiselongue.<\/strong><\/li>\n<\/ul>\n","protected":false},"excerpt":{"rendered":"<p>El sof\u00e1 chaiselongue modelo SEVILLA es la opci\u00f3n ideal para quienes buscan una combinaci\u00f3n de calidad, confort y funcionalidad en su mobiliario. Su armaz\u00f3n de madera de pino macizo y los asientos de goma espuma D.25 kg garantizan una estructura robusta y c\u00f3moda. Los respaldos rellenos de picado y reclinables, junto con el enfibrado de 150 gr, proporcionan un apoyo \u00f3ptimo y ajustable para una experiencia de relajaci\u00f3n personalizada. Los asientos extra\u00edbles con muelles en zig-zag aseguran durabilidad y comodidad adicional. Adem\u00e1s, las patas de madera aportan un toque de elegancia y estabilidad, mientras que el arc\u00f3n incluido en el m\u00f3dulo del chaiselongue ofrece una soluci\u00f3n pr\u00e1ctica para el almacenamiento. El modelo SEVILLA no solo mejora la est\u00e9tica de su hogar, sino que tambi\u00e9n proporciona una soluci\u00f3n c\u00f3moda y funcional para el descanso diario.<\/p>\n<p>&nbsp;<\/p>\n<h3>Caracter\u00edsticas del Sof\u00e1 Chaiselongue Modelo SEVILLA<\/h3>\n<ul>\n<li><strong>Armaz\u00f3n de madera de pino macizo.<\/strong><\/li>\n<li><strong>Goma espuma D.25 kg.<\/strong><\/li>\n<li><strong>Respaldos rellenos de picado y reclinables.<\/strong><\/li>\n<li><strong>Enfibrado de 150 gr.<\/strong><\/li>\n<li><strong>Asientos extra\u00edbles de muelles en zig-zag.<\/strong><\/li>\n<li><strong>Patas de madera.<\/strong><\/li>\n<li><strong>Arc\u00f3n incluido en el m\u00f3dulo del chaiselongue.<\/strong><\/li>\n<\/ul>\n","protected":false},"featured_media":29172,"comment_status":"open","ping_status":"closed","template":"","meta":[],"product_cat":[105,154],"product_tag":[],"aioseo_notices":[],"_links":{"self":[{"href":"https:\/\/canariasmuebles.com\/index.php\/wp-json\/wp\/v2\/product\/29171"}],"collection":[{"href":"https:\/\/canariasmuebles.com\/index.php\/wp-json\/wp\/v2\/product"}],"about":[{"href":"https:\/\/canariasmuebles.com\/index.php\/wp-json\/wp\/v2\/types\/product"}],"replies":[{"embeddable":true,"href":"https:\/\/canariasmuebles.com\/index.php\/wp-json\/wp\/v2\/comments?post=29171"}],"wp:featuredmedia":[{"embeddable":true,"href":"https:\/\/canariasmuebles.com\/index.php\/wp-json\/wp\/v2\/media\/29172"}],"wp:attachment":[{"href":"https:\/\/canariasmuebles.com\/index.php\/wp-json\/wp\/v2\/media?parent=29171"}],"wp:term":[{"taxonomy":"product_cat","embeddable":true,"href":"https:\/\/canariasmuebles.com\/index.php\/wp-json\/wp\/v2\/product_cat?post=29171"},{"taxonomy":"product_tag","embeddable":true,"href":"https:\/\/canariasmuebles.com\/index.php\/wp-json\/wp\/v2\/product_tag?post=29171"}],"curies":[{"name":"wp","href":"https:\/\/api.w.org\/{rel}","templated":true}]}}